oes 38 divide 12859?
False
Is 44 a factor of 2464?
True
Does 24 divide 63336?
True
Is 11896 a multiple of 8?
True
Is 14 a factor of 2995?
False
Does 118 divide 826?
True
Is 9 a factor of 4509?
True
Is 21312 a multiple of 96?
True
Is 30 a factor of 60?
True
Is 6960 a multiple of 60?
True
Does 72 divide 1756?
False
Is 14 a factor of 811?
False
Is 95 a factor of 67545?
True
Does 44 divide 3161?
False
Is 107 a factor of 1498?
True
Is 1233 a multiple of 4?
False
Does 23 divide 644?
True
Is 5074 a multiple of 58?
False
Is 61 a factor of 1591?
False
Is 3811 a multiple of 21?
False
Is 416 a multiple of 42?
False
Is 504 a multiple of 14?
True
Is 29732 a multiple of 10?
False
Does 15 divide 903?
False
Does 20 divide 221?
False
Does 37 divide 666?
True
Does 4 divide 3564?
True
Does 80 divide 688?
False
Is 82 a factor of 1069?
False
Is 1148 a multiple of 14?
True
Does 182 divide 144147?
False
Is 56 a factor of 2632?
True
Is 55377 a multiple of 63?
True
Is 20 a factor of 663?
False
Is 10 a factor of 8406?
False
Is 659 a multiple of 18?
False
Is 8 a factor of 122?
False
Does 6 divide 1518?
True
Is 3432 a multiple of 2?
True
Is 3277 a multiple of 29?
True
Is 60933 a multiple of 45?
False
Is 91 a factor of 1456?
True
Is 1347 a multiple of 9?
False
Is 5676 a multiple of 11?
True
Does 13 divide 5440?
False
Does 13 divide 208?
True
Is 1611 a multiple of 11?
False
Does 9 divide 1267?
False
Is 6 a factor of 1410?
True
Is 9051 a multiple of 21?
True
Is 1812 a multiple of 12?
True
Is 15 a factor of 5850?
True
Is 9 a factor of 20542?
False
Is 65 even?
False
Does 3 divide 975?
True
Does 19 divide 2451?
True
Is 30 a factor of 780?
True
Does 8 divide 2948?
False
Is 22756 a multiple of 102?
False
Is 1125 a multiple of 15?
True
Is 266 a multiple of 19?
True
Is 177 a factor of 38940?
True
Does 50 divide 1552?
False
Is 620 a multiple of 31?
True
Is 10501 even?
False
Does 39 divide 916?
False
Is 30311 a multiple of 238?
False
Does 103 divide 17369?
False
Is 15 a factor of 542?
False
Is 70 a multiple of 36?
False
Is 5768 a multiple of 78?
False
Is 472 a multiple of 89?
False
Is 21 a factor of 7728?
True
Does 40 divide 3360?
True
Is 59 a factor of 26452?
False
Does 26 divide 296?
False
Is 9 a factor of 957?
False
Is 9658 a multiple of 22?
True
Is 3 a factor of 1344?
True
Does 12 divide 11226?
False
Is 186 a multiple of 20?
False
Is 21 a factor of 714?
True
Is 93 a factor of 7272?
False
Does 5 divide 360?
True
Is 8874 a multiple of 153?
True
Is 287 a factor of 12548?
False
Does 18 divide 7920?
True
Is 3420 a multiple of 12?
True
Does 96 divide 12464?
False
Is 14 a factor of 622?
False
Does 21 divide 6132?
True
Is 138 a factor of 33964?
False
Is 19 a factor of 4370?
True
Is 42 a factor of 153840?
False
Is 156 a factor of 10701?
False
Is 20868 a multiple of 9?
False
Is 83 a factor of 1328?
True
Is 12901 a multiple of 19?
True
Does 19 divide 1271?
False
Is 51 a factor of 2244?
True
Does 124 divide 3173?
False
Is 1080 a multiple of 40?
True
Does 204 divide 4848?
False
Is 25 a factor of 19478?
False
Is 2322 a multiple of 43?
True
Is 16 a factor of 14096?
True
Is 2070 a multiple of 10?
True
Does 55 divide 1100?
True
Does 23 divide 1595?
False
Is 45 a factor of 31095?
True
Does 126 divide 9576?
True
Is 87 a factor of 1529?
False
Is 142 a factor of 5964?
True
Does 79 divide 1343?
True
Is 78 a factor of 4836?
True
Does 27 divide 12517?
False
Does 56 divide 20543?
False
Does 87 divide 4371?
False
Is 5 a factor of 185?
True
Is 4736 a multiple of 19?
False
Is 52 a factor of 463?
False
Does 6 divide 2244?
True
Is 65 a factor of 22425?
True
Is 850 a multiple of 29?
False
Does 12 divide 46491?
False
Is 85 a factor of 724?
False
Is 95108 a multiple of 26?
True
Is 14 a factor of 826?
True
Is 3 a factor of 290?
False
Is 74 a factor of 48322?
True
Is 964 a multiple of 37?
False
Does 16 divide 1968?
True
Is 1626 a multiple of 8?
False
Is 7 a factor of 231?
True
Does 12 divide 300?
True
Is 3353 a multiple of 23?
False
Does 14 divide 2324?
True
Does 8 divide 1352?
True
Is 2160 a multiple of 15?
True
Is 2840 a multiple of 10?
True
Does 24 divide 1056?
True
Is 228 a multiple of 38?
True
Is 48 a factor of 1416?
False
Is 588 a multiple of 28?
True
Is 39 a factor of 234?
True
Is 794 a multiple of 8?
False
Does 18 divide 756?
True
Is 7604 a multiple of 32?
False
Is 135 a factor of 8640?
True
Is 5765 a multiple of 7?
False
Is 48 a multiple of 6?
True
Does 30 divide 987?
False
Is 60 a factor of 2702?
False
Does 27 divide 9693?
True
Is 451 a multiple of 41?
True
Is 116 a factor of 1443?
False
Is 416 a multiple of 4?
True
Is 1161 a multiple of 43?
True
Is 104 a factor of 1538?
False
Is 150524 a multiple of 242?
True
Is 41 a factor of 417?
False
Is 1353 a multiple of 41?
True
Is 9 a factor of 416?
False
Is 18 a factor of 3643?
False
Is 10833 a multiple of 69?
True
Is 11 a factor of 1954?
False
Does 430 divide 16340?
True
Is 448 a multiple of 7?
True
Is 6384 a multiple of 12?
True
Does 45 divide 1935?
True
Is 107295 a multiple of 15?
True
Is 12804 a multiple of 39?
False
Is 51 a factor of 5355?
True
Is 8 a factor of 1359?
False
Does 13 divide 4341?
False
Is 25 a factor of 6100?
True
Does 132 divide 132?
True
Does 6 divide 438?
True
Is 91 a factor of 2639?
True
Is 14925 a multiple of 5?
True
Does 23 divide 25116?
True
Does 8 divide 982?
False
Is 11 a factor of 326?
False
Does 6 divide 46?
False
Does 28 divide 4564?
True
Is 25 a factor of 2200?
True
Is 5 a factor of 1170?
True
Does 7 divide 2225?
False
Is 16 a factor of 1684?
False
Does 13 divide 405?
False
Does 44 divide 440?
True
Does 91 divide 2821?
True
Is 40 a factor of 1829?
False
Is 222 a factor of 5441?
False
Does 73 divide 8580?
False
Is 17280 a multiple of 30?
True
Is 65 a factor of 17420?
True
Does 48 divide 15360?
True
Is 4 a factor of 79?
False
Does 61 divide 521?
False
Does 44 divide 105600?
True
Does 192 divide 71913?
False
Does 9 divide 17505?
True
Is 17242 a multiple of 141?
False
Is 10 a factor of 6522?
False
Is 35 a factor of 5490?
False
Does 82 divide 527?
False
Is 14351 a multiple of 54?
False
Does 6 divide 4902?
True
Does 49 divide 5285?
False
Is 1287 a multiple of 20?
False
Is 18 a factor of 29049?
False
Is 8778 a multiple of 58?
False
Is 7 a factor of 4158?
True
Is 50954 a multiple of 11?
False
Is 88 a factor of 6813?
False
Is 13 a factor of 117?
True
Is 825 a multiple of 6?
False
Is 65295 a multiple of 10?
False
Is 7268 a multiple of 49?
False
Does 123 divide 2603?
False
Is 25863 a multiple of 24?
False
Is 6148 a multiple of 29?
True
Is 5372 a multiple of 34?
True
Does 123 divide 14145?
True
Is 23285 a multiple of 3?
False
Does 18 divide 75?
False
Is 39026 a multiple of 142?
False
Does 57 divide 19102?
False
Does 6 divide 543?
False
Does 15 divide 21630?
True
Does 32 divide 785?
False
Is 10176 a multiple of 48?
True
Does 15 divide 2760?
True
Does 28 divide 12516?
True
Is 2184 a multiple of 24?
True
Is 19 a factor of 39?
False
Does 23 divide 4255?
True
Is 6630 a multiple of 15?
True
Does 65 divide 15535?
True
Does 7 divide 371?
True
Is 17138 a multiple of 418?
True
Is 37 a factor of 68956?
False
Does 244 divide 41236?
True
Does 14 divide 27145?
False
Is 13 a factor of 37372?
False
Is 13316 a multiple of 11?
False
Is 27720 a multiple of 12?
True
Is 205 a factor of 14555?
True
Is 71 a factor of 1207?
True
Is 61 a factor of 6237?
False
Is 25 a factor of 22137?
False
Does 16 divide 656?
True
Is 114 a multiple of 34?
False
Is 1612 a multiple of 13?
True
Is 82 a factor of 20124?
False
Does 59 divide 177?
True
Is 22024 a multiple of 26?
False
Does 90 divide 5048?
False
Is 6 a factor of 342?
True
Is 41 a factor of 3279?
False
Is 82 a factor of 5526?
False
Does 34 divide 4760?
True
Does 42 divide 798?
True
Is 33380 a multiple of 4?
True
Is 13743 a multiple of 30?
False
Is 68 a factor of 42636?
True
Is 756 a multiple of 42?
True
Is 1932 a multiple of 69?
True
Is 1935 a multiple of 15?
True
Is 94 a multiple of 3?
False
Does 59 divide 8909?
True
Is 19 a factor of 10292?
False
Is 38 a factor of 27512?
True
Does 28 divide 206?
False
Is 10 a factor of 11327?
False
Does 5 divide 12335?
True
Is 53 a factor of 6473?
False
Is 3225 a multiple of 5?
True
Is 195 a factor of 54210?
True
Does 133 divide 2793?
True
Is 6 a factor of 13543?
False
Does 15 divide